[INFO] fetching crate autoperm 0.3.0...
[INFO] checking autoperm-0.3.0 against master#e6e4f7ed1589e03bc2f6c5931c1a72e7947e8682 for beta-170-4
[INFO] extracting crate autoperm 0.3.0 into /workspace/builds/worker-7-tc2/source
[INFO] validating manifest of crates.io crate autoperm 0.3.0 on toolchain e6e4f7ed1589e03bc2f6c5931c1a72e7947e8682
[INFO] running `Command { std: CARGO_HOME="/workspace/cargo-home" RUSTUP_HOME="/workspace/rustup-home" "/workspace/cargo-home/bin/cargo" "+e6e4f7ed1589e03bc2f6c5931c1a72e7947e8682" "metadata" "--manifest-path" "Cargo.toml" "--no-deps", kill_on_drop: false }`
[INFO] started tweaking crates.io crate autoperm 0.3.0
[INFO] finished tweaking crates.io crate autoperm 0.3.0
[INFO] tweaked toml for crates.io crate autoperm 0.3.0 written to /workspace/builds/worker-7-tc2/source/Cargo.toml
[INFO] crate crates.io crate autoperm 0.3.0 already has a lockfile, it will not be regenerated
[INFO] running `Command { std: CARGO_HOME="/workspace/cargo-home" RUSTUP_HOME="/workspace/rustup-home" "/workspace/cargo-home/bin/cargo" "+e6e4f7ed1589e03bc2f6c5931c1a72e7947e8682" "fetch" "--manifest-path" "Cargo.toml", kill_on_drop: false }`
[INFO] running `Command { std: "docker" "create" "-v" "/var/lib/crater-agent-workspace/builds/worker-7-tc2/target:/opt/rustwide/target:rw,Z" "-v" "/var/lib/crater-agent-workspace/builds/worker-7-tc2/source:/opt/rustwide/workdir:ro,Z" "-v" "/var/lib/crater-agent-workspace/cargo-home:/opt/rustwide/cargo-home:ro,Z" "-v" "/var/lib/crater-agent-workspace/rustup-home:/opt/rustwide/rustup-home:ro,Z" "-e" "SOURCE_DIR=/opt/rustwide/workdir" "-e" "CARGO_TARGET_DIR=/opt/rustwide/target" "-e" "CARGO_HOME=/opt/rustwide/cargo-home" "-e" "RUSTUP_HOME=/opt/rustwide/rustup-home" "-w" "/opt/rustwide/workdir" "-m" "1610612736" "--user" "0:0" "--network" "none" "ghcr.io/rust-lang/crates-build-env/linux@sha256:19e73879b68f455e41552ea35293514db52ea292d993f571636dbffedb77a1ee" "/opt/rustwide/cargo-home/bin/cargo" "+e6e4f7ed1589e03bc2f6c5931c1a72e7947e8682" "metadata" "--no-deps" "--format-version=1", kill_on_drop: false }`
[INFO] [stdout] 99a5a819941868ee4cec5fad31fc4f7d5a4f9515094d9097a65b45d2b96a0f81
[INFO] running `Command { std: "docker" "start" "-a" "99a5a819941868ee4cec5fad31fc4f7d5a4f9515094d9097a65b45d2b96a0f81", kill_on_drop: false }`
[INFO] running `Command { std: "docker" "inspect" "99a5a819941868ee4cec5fad31fc4f7d5a4f9515094d9097a65b45d2b96a0f81", kill_on_drop: false }`
[INFO] running `Command { std: "docker" "rm" "-f" "99a5a819941868ee4cec5fad31fc4f7d5a4f9515094d9097a65b45d2b96a0f81", kill_on_drop: false }`
[INFO] [stdout] 99a5a819941868ee4cec5fad31fc4f7d5a4f9515094d9097a65b45d2b96a0f81
[INFO] running `Command { std: "docker" "create" "-v" "/var/lib/crater-agent-workspace/builds/worker-7-tc2/target:/opt/rustwide/target:rw,Z" "-v" "/var/lib/crater-agent-workspace/builds/worker-7-tc2/source:/opt/rustwide/workdir:ro,Z" "-v" "/var/lib/crater-agent-workspace/cargo-home:/opt/rustwide/cargo-home:ro,Z" "-v" "/var/lib/crater-agent-workspace/rustup-home:/opt/rustwide/rustup-home:ro,Z" "-e" "SOURCE_DIR=/opt/rustwide/workdir" "-e" "CARGO_TARGET_DIR=/opt/rustwide/target" "-e" "CARGO_INCREMENTAL=0" "-e" "RUST_BACKTRACE=full" "-e" "RUSTFLAGS=--cap-lints=forbid" "-e" "RUSTDOCFLAGS=--cap-lints=forbid" "-e" "CARGO_HOME=/opt/rustwide/cargo-home" "-e" "RUSTUP_HOME=/opt/rustwide/rustup-home" "-w" "/opt/rustwide/workdir" "-m" "1610612736" "--user" "0:0" "--network" "none" "ghcr.io/rust-lang/crates-build-env/linux@sha256:19e73879b68f455e41552ea35293514db52ea292d993f571636dbffedb77a1ee" "/opt/rustwide/cargo-home/bin/cargo" "+e6e4f7ed1589e03bc2f6c5931c1a72e7947e8682" "check" "--frozen" "--all" "--all-targets" "--message-format=json", kill_on_drop: false }`
[INFO] [stdout] eb38f8a8ce3d3b638894c1c72986afd4fc1ce943e538070b6e602f5bb9a99902
[INFO] running `Command { std: "docker" "start" "-a" "eb38f8a8ce3d3b638894c1c72986afd4fc1ce943e538070b6e602f5bb9a99902", kill_on_drop: false }`
[INFO] [stderr]    Compiling libc v0.2.140
[INFO] [stderr]    Compiling log v0.4.17
[INFO] [stderr]     Checking either v1.8.1
[INFO] [stderr]     Checking fixedbitset v0.4.2
[INFO] [stderr]     Checking aho-corasick v0.7.20
[INFO] [stderr]     Checking regex-syntax v0.6.28
[INFO] [stderr]    Compiling quickcheck_macros v1.0.0
[INFO] [stderr]     Checking itertools v0.10.5
[INFO] [stderr]     Checking petgraph v0.6.3
[INFO] [stderr]     Checking regex v1.7.1
[INFO] [stderr]     Checking getrandom v0.2.8
[INFO] [stderr]     Checking rand_core v0.6.4
[INFO] [stderr]     Checking rand_chacha v0.3.1
[INFO] [stderr]     Checking rand v0.8.5
[INFO] [stderr]     Checking autoperm v0.3.0 (/opt/rustwide/workdir)
[INFO] [stderr]     Checking env_logger v0.8.4
[INFO] [stderr]     Checking quickcheck v1.0.3
[INFO] [stdout] error[E0432]: unresolved import `bfi`
[INFO] [stdout]  --> src/test.rs:1:5
[INFO] [stdout]   |
[INFO] [stdout] 1 | use bfi::TestResults;
[INFO] [stdout]   |     ^^^ use of undeclared crate or module `bfi`
[INFO] [stdout] 
[INFO] [stdout] 
[INFO] [stdout] error[E0433]: failed to resolve: use of undeclared crate or module `bfi`
[INFO] [stdout]   --> src/test.rs:21:21
[INFO] [stdout]    |
[INFO] [stdout] 21 |                     bfi::TestResult::Ok => {
[INFO] [stdout]    |                     ^^^ use of undeclared crate or module `bfi`
[INFO] [stdout]    |
[INFO] [stdout] help: consider importing one of these items
[INFO] [stdout]    |
[INFO] [stdout] 1  + use crate::test::TestResult;
[INFO] [stdout]    |
[INFO] [stdout] 1  + use quickcheck::TestResult;
[INFO] [stdout]    |
[INFO] [stdout] help: if you import `TestResult`, refer to it directly
[INFO] [stdout]    |
[INFO] [stdout] 21 -                     bfi::TestResult::Ok => {
[INFO] [stdout] 21 +                     TestResult::Ok => {
[INFO] [stdout]    |
[INFO] [stdout] 
[INFO] [stdout] 
[INFO] [stdout] error[E0433]: failed to resolve: use of undeclared crate or module `bfi`
[INFO] [stdout]   --> src/test.rs:23:21
[INFO] [stdout]    |
[INFO] [stdout] 23 |                     bfi::TestResult::RunTimeError(e) => {
[INFO] [stdout]    |                     ^^^ use of undeclared crate or module `bfi`
[INFO] [stdout]    |
[INFO] [stdout] help: consider importing one of these items
[INFO] [stdout]    |
[INFO] [stdout] 1  + use crate::test::TestResult;
[INFO] [stdout]    |
[INFO] [stdout] 1  + use quickcheck::TestResult;
[INFO] [stdout]    |
[INFO] [stdout] help: if you import `TestResult`, refer to it directly
[INFO] [stdout]    |
[INFO] [stdout] 23 -                     bfi::TestResult::RunTimeError(e) => {
[INFO] [stdout] 23 +                     TestResult::RunTimeError(e) => {
[INFO] [stdout]    |
[INFO] [stdout] 
[INFO] [stdout] 
[INFO] [stdout] error[E0433]: failed to resolve: use of undeclared crate or module `bfi`
[INFO] [stdout]   --> src/test.rs:27:21
[INFO] [stdout]    |
[INFO] [stdout] 27 |                     bfi::TestResult::UnexpectedOutput { expected, output } => {
[INFO] [stdout]    |                     ^^^ use of undeclared crate or module `bfi`
[INFO] [stdout]    |
[INFO] [stdout] help: consider importing one of these items
[INFO] [stdout]    |
[INFO] [stdout] 1  + use crate::test::TestResult;
[INFO] [stdout]    |
[INFO] [stdout] 1  + use quickcheck::TestResult;
[INFO] [stdout]    |
[INFO] [stdout] help: if you import `TestResult`, refer to it directly
[INFO] [stdout]    |
[INFO] [stdout] 27 -                     bfi::TestResult::UnexpectedOutput { expected, output } => {
[INFO] [stdout] 27 +                     TestResult::UnexpectedOutput { expected, output } => {
[INFO] [stdout]    |
[INFO] [stdout] 
[INFO] [stdout] 
[INFO] [stdout] error[E0433]: failed to resolve: use of undeclared crate or module `bfi`
[INFO] [stdout]   --> src/test.rs:11:11
[INFO] [stdout]    |
[INFO] [stdout] 11 |     match bfi::tests_blocking(code, inputs.into_iter(), outputs.into_iter(), 10000) {
[INFO] [stdout]    |           ^^^ use of undeclared crate or module `bfi`
[INFO] [stdout] 
[INFO] [stdout] 
[INFO] [stdout] error: aborting due to 5 previous errors
[INFO] [stdout] 
[INFO] [stdout] 
[INFO] [stdout] Some errors have detailed explanations: E0432, E0433.
[INFO] [stdout] 
[INFO] [stdout] For more information about an error, try `rustc --explain E0432`.
[INFO] [stdout] 
[INFO] [stderr] error: could not compile `autoperm` (lib test) due to 6 previous errors
[INFO] running `Command { std: "docker" "inspect" "eb38f8a8ce3d3b638894c1c72986afd4fc1ce943e538070b6e602f5bb9a99902", kill_on_drop: false }`
[INFO] running `Command { std: "docker" "rm" "-f" "eb38f8a8ce3d3b638894c1c72986afd4fc1ce943e538070b6e602f5bb9a99902", kill_on_drop: false }`
[INFO] [stdout] eb38f8a8ce3d3b638894c1c72986afd4fc1ce943e538070b6e602f5bb9a99902
